 by 22.
18
Let b = -8098 - -8560. What is the remainder when 934 is divided by b?
10
Let s be (1 - (5 - 668))*(-2)/(-8). Let g = 210 - s. Calculate the remainder when 129 is divided by g.
41
Let r(w) = -w**2 - 30*w + 8. What is the remainder when 293 is divided by r(-30)?
5
Calculate the remainder when (21 - 1)/(-21*1/(-84)) is divided by 37.
6
Let y be 0*((-3)/12)/(1/(-4)). Let t be y/(-3) + -2 - -26. Calculate the remainder when 18 is divided by (t/(-7))/((-12)/42).
6
Let c(q) = q**2 - 18*q + 25. Let m be ((-5)/(-3) + 2)*3. Let y be c(m). Calculate the remainder when (-3254)/(-26) - 2*(-4)/y is divided by 32.
29
Let f = -2602 + 2687. What is the remainder when f is divided by 65?
20
Let o be (4 - 3)*6 + -1*3. Suppose -45 = -o*i + 93. Calculate the remainder when 127 is divided by i.
35
Let y(u) = -u**2 + 16*u + 28. Let i be y(20). Calculate the remainder when 29 is divided by (-8)/i - 912/(-156).
5
Let j(q) = q**3 + 9*q**2 - 8*q + 21. Let w be j(-10). Calculate the remainder when 382*(w*6/(-3) + 3) is divided by 12.
10
Calculate the remainder when 4 + 0 + (-45 - -615 - -54) is divided by 566.
62
Suppose -134 = -4*x - 2*b, -2*x - 68*b + 73*b + 25 = 0. What is the remainder when 711 is divided by x?
21
Let b = 42 - 8. Let p = -34 - -7. Let k = p + b. Calculate the remainder when 31 is divided by k.
3
Let x be (-2 + (-4 - -7))/(1/3). What is the remainder when ((-5)/(-30)*62)/(x/9) is divided by 19?
12
Let d = -169 + 173. Suppose -5*g = -3*m - 135, -40 - 28 = -2*g + d*m. Calculate the remainder when 90 is divided by g.
18
Let w = -3245 + 3285. What is the remainder when 718 is divided by w?
38
Calculate the remainder when 28/133 + (-136160)/(-152) is divided by 93.
59
Let c be 6/(-42) - 673/(-7). Suppose 0 = u - 6*u - 15, -w + 2*u + c = 0. Let p = -86 + 117. What is the remainder when w is divided by p?
28
Let a = 18512 + -18499. What is the remainder when 97 is divided by a?
6
Let x = 50 + -85. Let g = 63 - x. Suppose 5*y + 0*y = 3*w - 114, -4*y - 144 = -4*w. What is the remainder when g is divided by w?
32
Let h(s) = -52*s + 80*s + 113 - 37*s. Calculate the remainder when 92 is divided by h(9).
28
Suppose -68 = -5*m + 8*q - 9*q, -4*m = 3*q - 50. Calculate the remainder when 2727 is divided by m.
11
Let i = 10 - 14. Let l(n) = -n**3 - 4*n**2 - 6*n - 8. Suppose -2*u = -0*u - 62. Calculate the remainder when u is divided by l(i).
15
Let z = -3853 - -3870. Calculate the remainder when 566 is divided by z.
5
Suppose -48*n = 16*n - 37271 - 161385. Calculate the remainder when n is divided by 5.
4
Let h(j) = -j**3 - 127*j**2 - 974*j + 3. Calculate the remainder when h(-8) is divided by (-152)/(-6) - 4/(-6).
23
Suppose -3*n - 5*m + 610 + 668 = 0, -5*m + 30 = 0. Calculate the remainder when n is divided by 206.
4
Suppose -2*h - 485 = 5*d, -307 = 3*d + 13*h - 15*h. What is the remainder when (-18)/d + (-1646)/(-22) is divided by (1*2)/(4/26)?
10
Calculate the remainder when 339 is divided by (-2)/((-8)/12) - -35*(-4)/(-4).
35
Let v(u) = -31*u - 1. Suppose -10*w + 8*w - 4 = 0. Let t be v(w). Let s = 85 - t. Calculate the remainder when 70 is divided by s.
22
Let g = 17 + 46. Let x(n) = -15*n - 29. Let f = -131 - -128. Calculate the remainder when g is divided by x(f).
15
Let n = 372 + -328. Suppose n*s - 40*s = 376. What is the remainder when s is divided by 19?
18
Suppose -3*a - 4*h + 63 + 4101 = 0, 5583 = 4*a - 5*h. Calculate the remainder when a is divided by 25.
17
Suppose -24*t - 177 = -21*t. Let y = t + 74. Let c(x) = 11*x**2 + x + 2. Calculate the remainder when c(-2) is divided by y.
14
Suppose -15*h + 4*h = 12*h - 3795. Calculate the remainder when 810 is divided by h.
150
Let a(b) = 2*b**3 + 35*b**2 + 9*b + 59. Calculate the remainder when a(-17) is divided by 34.
25
Let i(t) = t**3 + 8*t**2 + 9*t + 4. Suppose -3*o - 448 + 625 = 5*n, 3*o + 135 = 3*n. Calculate the remainder when n is divided by i(-6).
17
Let x(v) = 877*v - 877*v + 3 + 37*v**2. Calculate the remainder when x(2) is divided by 40.
31
Suppose -2*s + 61 + 31 = 0. Let l = -22656 - -22746. Calculate the remainder when l is divided by s.
44
Suppose -48 + 256 = 8*r. What is the remainder when r is divided by 9?
8
Let i = -14106 - -14220. Calculate the remainder when 1935 is divided by i.
111
Suppose -4*j = -4*y - 120, -109*j + 112*j = -4*y + 118. Calculate the remainder when 99 is divided by j.
31
Calculate the remainder when 2097 is divided by 51 - (-15 - (12 - 36)).
39
Let d(o) = -o**2 + 8*o + 76. Let m be d(11). Suppose 0 = 12*h - 17 - m. Calculate the remainder when 62 is divided by h.
2
Let b = -6416 + 6428. Calculate the remainder when 418 is divided by b.
10
Let y = 15 - 12. Suppose 0 = -x + y*x - 42. Let d(j) = 8*j**2 + 9*j - 17. What is the remainder when d(5) is divided by x?
18
Let v(p) = 6*p**2 - 6*p - 7. Let l be v(-1). Suppose l*z - 7*z = -8, -3*f - 4*z + 46 = 0. Let d = 59 + -33. What is the remainder when d is divided by f?
6
Let h(o) be the first derivative of -o**4/4 + 11*o**3/3 - 8*o**2 - 4*o + 40. Suppose 72 = 4*f - 12. Calculate the remainder when h(8) is divided by f.
18
Let f = 78 + -53. Let n = 496 - 206. Suppose 11*x - 12*x = 4*q - 293, -2*x - n = -4*q. Calculate the remainder when q is divided by f.
23
Suppose r = -0*r + 136. Calculate the remainder when r is divided by 2/12 + 836/24.
31
Suppose 43 = 2*f + 147. What is the remainder when 179 is divided by (f/(-14))/((-25)/(-175))?
23
Let f = 1491 + -1422. What is the remainder when f is divided by 9?
6
Suppose 842 = 2*z + 4*d + 226, 4*d - 304 = -z. Suppose -w - 12*w = -z. What is the remainder when 119 is divided by w?
23
Let j = 5480 + -5360. What is the remainder when 146 is divided by j?
26
Let p(y) = 6*y**2 + 73*y + 201. Calculate the remainder when p(-20) is divided by 52.
49
Suppose 5310 + 18203 = 34*k - 8379. Calculate the remainder when k is divided by 46.
18
Let h(m) = -m**3 - 2*m + 2. Let u = 2794 - 2690. What is the remainder when u is divided by h(-3)?
34
Let p(d) be the first derivative of -d**4 - 2*d**3/3 + d**2 - 6*d - 6. Let t be p(-3). Let u = 94 - t. Calculate the remainder when 30 is divided by u.
14
Suppose 0*i = -2*i + 3*j - 14, 4*j = -5*i - 12. Calculate the remainder when (-26204)/(-42) - i/42 is divided by 19.
16
Let a be 5 + (27/135 - (-1)/(-5)). Let l be 120/(4 + -2) + -1. Suppose 4*t + 4*n - 32 = 156, -t = a*n - l. What is the remainder when t is divided by 25?
19
Let a = -103939 - -103988. Suppose k + 0*r - 27 = -2*r, -5*k - 3*r = -100. Calculate the remainder when a is divided by k.
15
Suppose -5*o = -5*c - 7 - 3, c - 14 = -3*o. Suppose c*d - 2*h - 71 = 113, -3*h + 92 = d. Let n(x) = 25*x - 106. What is the remainder when d is divided by n(5)?
16
Suppose u - 2*a - 5 = 0, 5 = -2*a - 3*a. Suppose 4*t - t = 0. What is the remainder when (-14)/(-4)*(t - -2) is divided by u?
1
Suppose -3*b - 2*a - 227 = -1721, -3*a = 4*b - 1992. Let f = -487 + b. What is the remainder when 593 is divided by f?
10
Suppose -2*v - 2*r = -2, 2 = r - 1. Let p be (-10)/(-6)*(v - -5). Suppose p*s - 154 + 4 = 0. What is the remainder when 117 is divided by s?
27
What is the remainder when 310 is divided by (9 + 22/(-110))*35?
2
Let q = -705 - -248. Let h = 468 + q. What is the remainder when 17 is divided by h?
6
Suppose l + 0*l = 4, 3*l = j - 3. What is the remainder when (-2*(-7340)/30)/((-2)/(-3)) is divided by j?
14
Suppose 0 = -v - c + 66, -4*v - 3*c = v - 330. Suppose -2*n = -14*j + 470, 148 = 4*j + 12*n - 8*n. What is the remainder when v is divided by j?
32
Let j(n) = -101*n + 630. Let y(z) = -34*z + 209. Let q(m) = -6*j(m) + 17*y(m). What is the remainder when q(19) is divided by 22?
19
Suppose -4 - 20 = -12*y. Suppose -2*n + 3*n = l + 50, 114 = y*n + 5*l. Calculate the remainder when 184 is divided by n.
28
Calculate the remainder when 8928/10 + (-22)/(-110) is divided by 13.
9
Suppose q - 3*a - 449 = 0, -1763*q + 1767*q - 1779 = -5*a. What is the remainder when q is divided by 50?
46
Let f(l) = 14 - 7 - l**2 + 7*l + 3. Let k be f(8). Suppose -x = 2, -4*x = -k*d + 4*d - 38. What is the remainder when d is divided by 5?
3
Suppose -441*k + 2*a - 205 = -444*k, 3*k - 2*a - 233 = 0. Calculate the remainder when 2553 is divided by k.
71
Suppose 3*t + 4*d = 70, 2*t - 46 = 1027*d - 1029*d. Let u = -173 -